{"id":396,"date":"2021-10-08T15:25:34","date_gmt":"2021-10-08T15:25:34","guid":{"rendered":"http:\/\/www.ssccalameda.cl\/admision\/?page_id=396"},"modified":"2025-03-03T14:43:25","modified_gmt":"2025-03-03T14:43:25","slug":"admision-de-estudiantes-nuevos","status":"publish","type":"page","link":"https:\/\/www.ssccalameda.cl\/admision\/admision-de-estudiantes-nuevos\/","title":{"rendered":"Postulaci\u00f3n"},"content":{"rendered":"\n<div class=\"wp-block-coblocks-alert has-text-align-center\" aria-label=\"Alert section\"><p class=\"wp-block-coblocks-alert__title\"><strong>PROCESO DE ADMISI\u00d3N 2026 <\/strong><\/p><p class=\"wp-block-coblocks-alert__text\"><strong>Prek\u00ednder, K\u00ednder y 1\u00b0 Ed. B\u00e1sica<\/strong><\/p><\/div>\n\n\n\n<div class=\"wp-block-buttons is-content-justification-center\">\n<div class=\"wp-block-button is-style-circular\"><a class=\"wp-block-button__link\" href=\"https:\/\/ssccalameda.postulaciones.colegium.com\/\" target=\"_blank\" rel=\"noreferrer noopener\">Postule aqu\u00ed<\/a><\/div>\n<\/div>\n\n\n\n<p><strong>Vacantes disponibles 2026:<\/strong><\/p>\n\n\n\n<p>*En nuestro colegio, el porcentaje de estudiantes con condici\u00f3n TEA por nivel es de un 5% como m\u00e1ximo. A continuaci\u00f3n, se detallan los niveles con vacantes disponibles.<\/p>\n\n\n\n<figure class=\"wp-block-table\"><table><tbody><tr><td><strong>Curso<\/strong><\/td><td><strong>Vacante<\/strong><\/td><td><strong>Vacantes TEA o NEE.<\/strong><\/td><\/tr><tr><td>Prek\u00ednder<\/td><td>75<\/td><td>5%<\/td><\/tr><tr><td>K\u00ednder<\/td><td>32<\/td><td>Sin Vacantes<\/td><\/tr><tr><td>1\u00b0 B\u00e1sico<\/td><td>37<\/td><td>Sin Vacantes<\/td><\/tr><\/tbody><\/table><\/figure>\n\n\n\n<div class=\"wp-block-coblocks-alert has-text-align-center\" aria-label=\"Alert section\"><p class=\"wp-block-coblocks-alert__title\"><strong>DOCUMENTOS REQUERIDOS<\/strong><\/p><\/div>\n\n\n\n<p class=\"has-medium-font-size\"><strong>Postulaci\u00f3n Ciclo Inicial (Prek\u00ednder, K\u00ednder, 1\u00b0)<\/strong><\/p>\n\n\n\n<p>1. Certificado de nacimiento.<\/p>\n\n\n\n<p>2. Carta de presentaci\u00f3n familiar.<\/p>\n\n\n\n<p>3. Certificado de promoci\u00f3n 2024 (en caso de proceder).<\/p>\n\n\n\n<p>3. Informe de promoci\u00f3n de Jard\u00edn Infantil o colegio 2024.<\/p>\n\n\n\n<p>4. Informe de personalidad de Jard\u00edn Infantil o colegio 2024.<\/p>\n\n\n\n<p>Entrevista a las familias.<\/p>\n\n\n\n<p>Jornada de Observaci\u00f3n en aula (Prek\u00ednder y K\u00ednder)<\/p>\n\n\n\n<p class=\"has-medium-font-size\"><\/p>\n\n\n\n<p><\/p>\n\n\n\n<div class=\"wp-block-coblocks-alert has-text-align-center\" aria-label=\"Alert section\"><p class=\"wp-block-coblocks-alert__title\"><strong>REQUISITOS DE ADMISI\u00d3N<\/strong><\/p><\/div>\n\n\n\n<p class=\"has-medium-font-size\"><strong>Ciclo Inicial<\/strong><\/p>\n\n\n\n<p><strong>Prek\u00ednder: 4 a\u00f1os cumplidos al 31 de marzo de 202<\/strong>6<\/p>\n\n\n\n<p>1. Documentaci\u00f3n completa<\/p>\n\n\n\n<p>2. Entrevista familiar a padres y\/o apoderado<\/p>\n\n\n\n<p>3. Jornada de observaci\u00f3n en sala.<\/p>\n\n\n\n<p><\/p>\n\n\n\n<p><strong>K\u00ednder: 5 a\u00f1os cumplidos al 31 de marzo de 202<\/strong>6<\/p>\n\n\n\n<p>1. Documentaci\u00f3n completa.<\/p>\n\n\n\n<p>2. Entrevista familiar a padres y\/o apoderados<\/p>\n\n\n\n<p>3. Jornada de observaci\u00f3n en sala<\/p>\n\n\n\n<p><\/p>\n\n\n\n<p><strong>1\u00b0 B\u00e1sico: 6 a\u00f1os cumplidos al 31 de marzo de 2026<\/strong><\/p>\n\n\n\n<ol><li>Documentaci\u00f3n completa.<\/li><li>Entrevista familiar a padres y\/o apoderados.<\/li><\/ol>\n\n\n\n<p><\/p>\n\n\n\n<p><\/p>\n\n\n\n<figure class=\"wp-block-table\"><table><tbody><tr><td><strong>Para gestionar su postulaci\u00f3n, <\/strong>pinche el bot\u00f3n inferior que lo conducir\u00e1 a <br>nuestra plataforma de admisi\u00f3n.<strong> <\/strong><br><strong>Por favor, registre ah\u00ed su correo electr\u00f3nico y con el c\u00f3digo de <\/strong><br><strong>verificaci\u00f3n que recibir\u00e1, acceda a nuestro sistema en l\u00ednea.<\/strong> <\/td><\/tr><\/tbody><\/table><\/figure>\n\n\n\n<p><\/p>\n\n\n\n<div class=\"wp-block-buttons is-content-justification-center\">\n<div class=\"wp-block-button is-style-circular\"><a class=\"wp-block-button__link\" href=\"https:\/\/ssccalameda.postulaciones.colegium.com\/\" target=\"_blank\" rel=\"noreferrer noopener\">Postule aqu\u00ed<\/a><\/div>\n<\/div>\n\n\n\n<p><\/p>\n","protected":false},"excerpt":{"rendered":"<p>Vacantes disponibles 2026: *En nuestro colegio, el porcentaje de estudiantes con condici\u00f3n TEA por nivel es de un 5% como m\u00e1ximo. A continuaci\u00f3n, se detallan los niveles con vacantes disponibles. Curso Vacante Vacantes TEA o NEE. Prek\u00ednder 75 5% K\u00ednder 32 Sin Vacantes 1\u00b0 B\u00e1sico 37 Sin Vacantes Postulaci\u00f3n Ciclo Inicial (Prek\u00ednder, K\u00ednder, 1\u00b0) 1. [&hellip;]<\/p>\n","protected":false},"author":1,"featured_media":0,"parent":0,"menu_order":0,"comment_status":"closed","ping_status":"closed","template":"","meta":{"_coblocks_attr":"","_coblocks_dimensions":"","_coblocks_responsive_height":"","_coblocks_accordion_ie_support":"","hide_page_title":""},"_links":{"self":[{"href":"https:\/\/www.ssccalameda.cl\/admision\/wp-json\/wp\/v2\/pages\/396"}],"collection":[{"href":"https:\/\/www.ssccalameda.cl\/admision\/wp-json\/wp\/v2\/pages"}],"about":[{"href":"https:\/\/www.ssccalameda.cl\/admision\/wp-json\/wp\/v2\/types\/page"}],"author":[{"embeddable":true,"href":"https:\/\/www.ssccalameda.cl\/admision\/wp-json\/wp\/v2\/users\/1"}],"replies":[{"embeddable":true,"href":"https:\/\/www.ssccalameda.cl\/admision\/wp-json\/wp\/v2\/comments?post=396"}],"version-history":[{"count":150,"href":"https:\/\/www.ssccalameda.cl\/admision\/wp-json\/wp\/v2\/pages\/396\/revisions"}],"predecessor-version":[{"id":1203,"href":"https:\/\/www.ssccalameda.cl\/admision\/wp-json\/wp\/v2\/pages\/396\/revisions\/1203"}],"wp:attachment":[{"href":"https:\/\/www.ssccalameda.cl\/admision\/wp-json\/wp\/v2\/media?parent=396"}],"curies":[{"name":"wp","href":"https:\/\/api.w.org\/{rel}","templated":true}]}}