{"id":97,"date":"2021-09-06T16:50:25","date_gmt":"2021-09-06T16:50:25","guid":{"rendered":"http:\/\/www.ssccalameda.cl\/admision\/?page_id=97"},"modified":"2023-08-03T18:14:39","modified_gmt":"2023-08-03T18:14:39","slug":"proceso-de-matricula","status":"publish","type":"page","link":"https:\/\/www.ssccalameda.cl\/admision\/proceso-de-matricula\/","title":{"rendered":"PROCESO DE MATR\u00cdCULA"},"content":{"rendered":"\n<div class=\"wp-block-coblocks-accordion\">\n<div class=\"wp-block-coblocks-accordion-item\"><details><summary class=\"wp-block-coblocks-accordion-item__title\"><strong>Informaci\u00f3n adicional<\/strong><\/summary><div class=\"wp-block-coblocks-accordion-item__content\">\n<ul><li><a rel=\"noreferrer noopener\" href=\"http:\/\/www.ssccalameda.cl\/admision\/wp-content\/uploads\/2022\/11\/Instructivo-Schoolnet-2023.pdf\" data-type=\"URL\" data-id=\"http:\/\/www.ssccalameda.cl\/admision\/wp-content\/uploads\/2022\/11\/Instructivo-Schoolnet-2023.pdf\" target=\"_blank\">C\u00f3mo realizar el proceso de matr\u00edcula en la plataforma Schoolnet<\/a><\/li><li><a rel=\"noreferrer noopener\" href=\"http:\/\/www.ssccalameda.cl\/admision\/wp-content\/uploads\/2022\/05\/ManualActivaFirmaElectrPadres.pdf\" target=\"_blank\">C\u00f3mo <\/a><a rel=\"noreferrer noopener\" href=\"http:\/\/www.ssccalameda.cl\/admision\/wp-content\/uploads\/2022\/11\/ManualActivaFirmaElectrPadres-1-1-1.pdf\" data-type=\"URL\" data-id=\"http:\/\/www.ssccalameda.cl\/admision\/wp-content\/uploads\/2022\/11\/ManualActivaFirmaElectrPadres-1-1-1.pdf\" target=\"_blank\">activar la firma digital\/electr\u00f3nica<\/a><\/li><\/ul>\n\n\n\n<ul><li>El proceso de matr\u00edcula se cierra junto con el pago y la firma del contrato de prestaci\u00f3n de servicios educacionales y con la entrega de otros documentos seg\u00fan corresponda pagar\u00e9s cheques, mandatos PAC-PAT, etc.) conjuntamente.<\/li><\/ul>\n\n\n\n<ul><li>En el caso de pagar con cheques, se solicita revisar y completar con anticipaci\u00f3n los documentos. Al separar los cheques del talonario tener cuidado con no romper la serie del documento, ya que esto lo invalida y deber\u00e1 sustituirlo por uno con serie completa.<\/li><\/ul>\n\n\n\n<ul><li>Se pone en conocimiento a los sostenedores(as) que el arancel de matr\u00edcula es a todo evento seg\u00fan las condiciones del contrato.<\/li><\/ul>\n\n\n\n<ul><li>El colegio asegura la pertenencia del(la) estudiante en su grupo curso en la medida que sea matriculado(a) dentro del per\u00edodo anteriormente se\u00f1alado.<\/li><\/ul>\n\n\n\n<ul><li>Al t\u00e9rmino del per\u00edodo de matr\u00edcula, las vacantes de los(as) estudiantes no matriculados(as) para el a\u00f1o 2024 quedan a disposici\u00f3n del Colegio, las cuales ser\u00e1n completadas seg\u00fan proceso de admisi\u00f3n.<\/li><\/ul>\n\n\n\n<ul><li>En caso de alguna modificaci\u00f3n al medio de pago, pr\u00f3rroga y\/o cambio de documentos, estos deber\u00e1n ajustarse al protocolo de cambio de cheques y los costos asociados a \u00e9ste ser\u00e1n de cargo del apoderado(a).<\/li><\/ul>\n\n\n\n<ul><li>Todo pago recibido por el colegio se imputar\u00e1 a la deuda m\u00e1s antigua que el sostenedor(a) tenga con \u00e9ste, salvo que exista una renegociaci\u00f3n previamente pactada. Aun as\u00ed, el sostenedor (a)<\/li><\/ul>\n<\/div><\/details><\/div>\n<\/div>\n\n\n\n<div class=\"wp-block-group\"><div class=\"wp-block-group__inner-container\">\n<div class=\"wp-block-columns\">\n<div class=\"wp-block-column\" style=\"flex-basis:100%\">\n<div class=\"wp-block-coblocks-accordion\">\n<div class=\"wp-block-coblocks-accordion-item\"><details><summary class=\"wp-block-coblocks-accordion-item__title\"><strong>Contacto<\/strong><\/summary><div class=\"wp-block-coblocks-accordion-item__content\">\n<p><strong>Consultas del proceso<\/strong>: <a rel=\"noreferrer noopener\" href=\"mailto:stephaniehunt@ssccalameda.cl\" target=\"_blank\">stephaniehunt@ssccalameda.cl<\/a><\/p>\n\n\n\n<p><strong>Env\u00edo de comprobantes<\/strong>: recaudacion@ssccalameda.cl<\/p>\n<\/div><\/details><\/div>\n<\/div>\n<\/div>\n<\/div>\n<\/div><\/div>\n\n\n<p><!-- \/wp:columns -->\n<\/p>\n<p><!-- \/wp:group --><\/p>\n<p><!-- wp:paragraph --><\/p>\n<p><!-- \/wp:paragraph --><\/p>\n<p><!-- wp:image {\"id\":293,\"sizeSlug\":\"large\",\"linkDestination\":\"none\",\"animation\":\"zoomIn\"} --><\/p>\n<figure class=\"wp-block-image size-large coblocks-animate\" data-coblocks-animation=\"zoomIn\"><img loading=\"lazy\" width=\"1024\" height=\"683\" src=\"http:\/\/www.ssccalameda.cl\/admision\/wp-content\/uploads\/2021\/10\/IMG_6309-1024x683.jpg\" alt=\"\" class=\"wp-image-293\" srcset=\"https:\/\/www.ssccalameda.cl\/admision\/wp-content\/uploads\/2021\/10\/IMG_6309-1024x683.jpg 1024w, https:\/\/www.ssccalameda.cl\/admision\/wp-content\/uploads\/2021\/10\/IMG_6309-300x200.jpg 300w, https:\/\/www.ssccalameda.cl\/admision\/wp-content\/uploads\/2021\/10\/IMG_6309-768x512.jpg 768w, https:\/\/www.ssccalameda.cl\/admision\/wp-content\/uploads\/2021\/10\/IMG_6309-1536x1024.jpg 1536w, https:\/\/www.ssccalameda.cl\/admision\/wp-content\/uploads\/2021\/10\/IMG_6309-2048x1365.jpg 2048w\" sizes=\"(max-width: 1024px) 100vw, 1024px\" \/><\/figure>\n<p><!-- \/wp:image --><\/p>","protected":false},"excerpt":{"rendered":"","protected":false},"author":1,"featured_media":0,"parent":0,"menu_order":0,"comment_status":"closed","ping_status":"closed","template":"","meta":{"_coblocks_attr":"","_coblocks_dimensions":"","_coblocks_responsive_height":"","_coblocks_accordion_ie_support":"","hide_page_title":""},"_links":{"self":[{"href":"https:\/\/www.ssccalameda.cl\/admision\/wp-json\/wp\/v2\/pages\/97"}],"collection":[{"href":"https:\/\/www.ssccalameda.cl\/admision\/wp-json\/wp\/v2\/pages"}],"about":[{"href":"https:\/\/www.ssccalameda.cl\/admision\/wp-json\/wp\/v2\/types\/page"}],"author":[{"embeddable":true,"href":"https:\/\/www.ssccalameda.cl\/admision\/wp-json\/wp\/v2\/users\/1"}],"replies":[{"embeddable":true,"href":"https:\/\/www.ssccalameda.cl\/admision\/wp-json\/wp\/v2\/comments?post=97"}],"version-history":[{"count":67,"href":"https:\/\/www.ssccalameda.cl\/admision\/wp-json\/wp\/v2\/pages\/97\/revisions"}],"predecessor-version":[{"id":1018,"href":"https:\/\/www.ssccalameda.cl\/admision\/wp-json\/wp\/v2\/pages\/97\/revisions\/1018"}],"wp:attachment":[{"href":"https:\/\/www.ssccalameda.cl\/admision\/wp-json\/wp\/v2\/media?parent=97"}],"curies":[{"name":"wp","href":"https:\/\/api.w.org\/{rel}","templated":true}]}}