{"id":12205,"date":"2023-04-06T08:14:08","date_gmt":"2023-04-06T12:14:08","guid":{"rendered":"http:\/\/www.ssccalameda.cl\/portal\/?page_id=12205"},"modified":"2023-04-06T12:01:27","modified_gmt":"2023-04-06T16:01:27","slug":"actividades-complementarias-2023","status":"publish","type":"page","link":"https:\/\/www.ssccalameda.cl\/portal\/actividades-complementarias-2023\/","title":{"rendered":"Actividades Complementarias 2023"},"content":{"rendered":"\n<p>Este a\u00f1o, por situaciones administrativas de car\u00e1cter temporal, tenemos a disposici\u00f3n 3 talleres complementarios gratuitos:<\/p>\n\n\n\n<p>Banda (3\u00b0 ed. b\u00e1sica a IV medio)<\/p>\n\n\n\n<p>Teatro  (1\u00b0 ed. b\u00e1sica a IV medio)<\/p>\n\n\n\n<p>Coro Mayor (5\u00b0 ed. b\u00e1sica a IV medio) y Coro Semilla (2\u00b0 a 4\u00b0 ed. b\u00e1sica)<\/p>\n\n\n\n<p>Adem\u00e1s, contamos con alternativas de actividades complementarias Comunitarias:<\/p>\n\n\n\n<p>Club de Jes\u00fas y Mar\u00eda<\/p>\n\n\n\n<p>Infancia Misionera <\/p>\n\n\n\n<p>Coro Liturgico.<\/p>\n\n\n\n<p>Comunidad de ac\u00f3litos.<\/p>\n\n\n\n<p>Catequesis de Iniciaci\u00f3n Eucar\u00edstica.<\/p>\n\n\n\n<p>Catequesis de preparaci\u00f3n para Sacramento de la Confirmaci\u00f3n.<\/p>\n\n\n\n<p><\/p>\n","protected":false},"excerpt":{"rendered":"<p>Este a\u00f1o, por situaciones administrativas de car\u00e1cter temporal, tenemos a disposici\u00f3n 3 talleres complementarios gratuitos: Banda (3\u00b0 ed. b\u00e1sica a IV medio) Teatro (1\u00b0 ed. b\u00e1sica a IV medio) Coro Mayor (5\u00b0 ed. b\u00e1sica a IV medio) y Coro Semilla (2\u00b0 a 4\u00b0 ed. b\u00e1sica) Adem\u00e1s, contamos con alternativas de actividades complementarias Comunitarias: Club de &hellip;<\/p>\n","protected":false},"author":5,"featured_media":0,"parent":0,"menu_order":0,"comment_status":"closed","ping_status":"closed","template":"","meta":{"footnotes":""},"_links":{"self":[{"href":"https:\/\/www.ssccalameda.cl\/portal\/wp-json\/wp\/v2\/pages\/12205"}],"collection":[{"href":"https:\/\/www.ssccalameda.cl\/portal\/wp-json\/wp\/v2\/pages"}],"about":[{"href":"https:\/\/www.ssccalameda.cl\/portal\/wp-json\/wp\/v2\/types\/page"}],"author":[{"embeddable":true,"href":"https:\/\/www.ssccalameda.cl\/portal\/wp-json\/wp\/v2\/users\/5"}],"replies":[{"embeddable":true,"href":"https:\/\/www.ssccalameda.cl\/portal\/wp-json\/wp\/v2\/comments?post=12205"}],"version-history":[{"count":1,"href":"https:\/\/www.ssccalameda.cl\/portal\/wp-json\/wp\/v2\/pages\/12205\/revisions"}],"predecessor-version":[{"id":12209,"href":"https:\/\/www.ssccalameda.cl\/portal\/wp-json\/wp\/v2\/pages\/12205\/revisions\/12209"}],"wp:attachment":[{"href":"https:\/\/www.ssccalameda.cl\/portal\/wp-json\/wp\/v2\/media?parent=12205"}],"curies":[{"name":"wp","href":"https:\/\/api.w.org\/{rel}","templated":true}]}}