{"id":16024,"date":"2024-08-08T12:14:05","date_gmt":"2024-08-08T16:14:05","guid":{"rendered":"https:\/\/www.ssccalameda.cl\/portal\/?page_id=16024"},"modified":"2024-08-16T14:39:14","modified_gmt":"2024-08-16T18:39:14","slug":"16024-2","status":"publish","type":"page","link":"https:\/\/www.ssccalameda.cl\/portal\/16024-2\/","title":{"rendered":""},"content":{"rendered":"\n<figure class=\"wp-block-image size-large\"><a href=\"https:\/\/www.ssccalameda.cl\/portal\/wp-content\/uploads\/2024\/08\/slide_2.png\"><img loading=\"lazy\" decoding=\"async\" width=\"1024\" height=\"500\" src=\"https:\/\/www.ssccalameda.cl\/portal\/wp-content\/uploads\/2024\/08\/slide_2-1024x500.png\" alt=\"\" class=\"wp-image-16047\" srcset=\"https:\/\/www.ssccalameda.cl\/portal\/wp-content\/uploads\/2024\/08\/slide_2-1024x500.png 1024w, https:\/\/www.ssccalameda.cl\/portal\/wp-content\/uploads\/2024\/08\/slide_2-300x146.png 300w, https:\/\/www.ssccalameda.cl\/portal\/wp-content\/uploads\/2024\/08\/slide_2-768x375.png 768w, https:\/\/www.ssccalameda.cl\/portal\/wp-content\/uploads\/2024\/08\/slide_2-1536x750.png 1536w, https:\/\/www.ssccalameda.cl\/portal\/wp-content\/uploads\/2024\/08\/slide_2.png 2048w\" sizes=\"(max-width: 1024px) 100vw, 1024px\" \/><\/a><\/figure>\n\n\n\n<div style=\"height:16px\" aria-hidden=\"true\" class=\"wp-block-spacer\"><\/div>\n\n\n\n<h2 class=\"wp-block-heading\"><strong>NOTICIAS<\/strong><\/h2>\n\n\n\n<div style=\"height:10px\" aria-hidden=\"true\" class=\"wp-block-spacer\"><\/div>\n\n\n\n<div class=\"wp-block-query is-layout-flow wp-block-query-is-layout-flow\"><ul class=\"wp-block-post-template is-layout-flow wp-block-post-template-is-layout-flow\"><li class=\"wp-block-post post-8866 post type-post status-publish format-standard has-post-thumbnail  category-circulares\">\n<h2 class=\"wp-block-post-title\"><a href=\"https:\/\/www.ssccalameda.cl\/portal\/8866-2\/\" target=\"_self\" >2do Proceso de postulaci\u00f3n, admisi\u00f3n y matr\u00edcula 2023<\/a><\/h2>\n\n<figure class=\"alignwide wp-block-post-featured-image\"><a href=\"https:\/\/www.ssccalameda.cl\/portal\/8866-2\/\" target=\"_self\"  ><img loading=\"lazy\" decoding=\"async\" width=\"761\" height=\"1149\" src=\"https:\/\/www.ssccalameda.cl\/portal\/wp-content\/uploads\/2022\/05\/flyer-sscc_page-0001.jpg\" class=\"attachment-post-thumbnail size-post-thumbnail wp-post-image\" alt=\"2do Proceso de postulaci\u00f3n, admisi\u00f3n y matr\u00edcula 2023\" style=\"object-fit:cover;\" srcset=\"https:\/\/www.ssccalameda.cl\/portal\/wp-content\/uploads\/2022\/05\/flyer-sscc_page-0001.jpg 761w, https:\/\/www.ssccalameda.cl\/portal\/wp-content\/uploads\/2022\/05\/flyer-sscc_page-0001-199x300.jpg 199w, https:\/\/www.ssccalameda.cl\/portal\/wp-content\/uploads\/2022\/05\/flyer-sscc_page-0001-678x1024.jpg 678w\" sizes=\"(max-width: 761px) 100vw, 761px\" \/><\/a><\/figure>\n\n<div class=\"wp-block-post-excerpt\"><p class=\"wp-block-post-excerpt__excerpt\">Para Prek\u00ednder, K\u00ednder y 1ero B\u00e1sico. Etapas del proceso y fechas importantes Periodo de inscripci\u00f3n16 al 27 mayo.V\u00eda&nbsp;Schoolnet.Periodo de entrevistas y jornadade observaci\u00f3n de postulantes en sala (esta \u00faltima es s\u00f3lo para Prek\u00ednder y K\u00ednder)28 de mayo,9:00 a 12:00 hrs.Publicaci\u00f3n de n\u00f3minade postulantes admitidos\/as13 de junio,17:00 hrs.Proceso de matr\u00edcula16, 17, 22 y 23 de junio,8:30&hellip; <\/p><\/div>\n\n\n<hr class=\"wp-block-separator has-css-opacity\"\/>\n\n\n<div class=\"wp-block-post-date\"><time datetime=\"2022-05-26T05:14:00-04:00\">26 mayo, 2022<\/time><\/div>\n<\/li><li class=\"wp-block-post post-4482 post type-post status-publish format-standard has-post-thumbnail  category-circulares\">\n<h2 class=\"wp-block-post-title\"><a href=\"https:\/\/www.ssccalameda.cl\/portal\/plan-de-trabajo-pedagogico\/\" target=\"_self\" >Plan de Trabajo Pedag\u00f3gico<\/a><\/h2>\n\n<figure class=\"alignwide wp-block-post-featured-image\"><a href=\"https:\/\/www.ssccalameda.cl\/portal\/plan-de-trabajo-pedagogico\/\" target=\"_self\"  ><img loading=\"lazy\" decoding=\"async\" width=\"379\" height=\"278\" src=\"https:\/\/www.ssccalameda.cl\/portal\/wp-content\/uploads\/2021\/01\/Sin-titulo-3.jpg\" class=\"attachment-post-thumbnail size-post-thumbnail wp-post-image\" alt=\"Plan de Trabajo Pedag\u00f3gico\" style=\"object-fit:cover;\" srcset=\"https:\/\/www.ssccalameda.cl\/portal\/wp-content\/uploads\/2021\/01\/Sin-titulo-3.jpg 379w, https:\/\/www.ssccalameda.cl\/portal\/wp-content\/uploads\/2021\/01\/Sin-titulo-3-300x220.jpg 300w\" sizes=\"(max-width: 379px) 100vw, 379px\" \/><\/a><\/figure>\n\n<div class=\"wp-block-post-excerpt\"><p class=\"wp-block-post-excerpt__excerpt\">Estimada comunidad, a continuaci\u00f3n encontrar\u00e1n un documento que contiene la informaci\u00f3n del Plan de Trabajo Pedag\u00f3gico de este a\u00f1o. En la secci\u00f3n Avisos encontrar\u00e1n los horarios virtuales y mixtos para cada curso. Ver archivo del Plan de Trabajo Pedag\u00f3gico 2021 <\/p><\/div>\n\n\n<hr class=\"wp-block-separator has-css-opacity\"\/>\n\n\n<div class=\"wp-block-post-date\"><time datetime=\"2021-02-21T10:54:00-03:00\">21 febrero, 2021<\/time><\/div>\n<\/li><li class=\"wp-block-post post-17270 post type-post status-publish format-standard has-post-thumbnail  category-circulares\">\n<h2 class=\"wp-block-post-title\"><a href=\"https:\/\/www.ssccalameda.cl\/portal\/estrenamos-nuevo-rostro-digital-una-pagina-web-renovada-para-la-comunidad-educativa\/\" target=\"_self\" >Estrenamos Nuevo Rostro Digital: Una P\u00e1gina Web Renovada para la Comunidad Educativa<\/a><\/h2>\n\n<figure class=\"alignwide wp-block-post-featured-image\"><a href=\"https:\/\/www.ssccalameda.cl\/portal\/estrenamos-nuevo-rostro-digital-una-pagina-web-renovada-para-la-comunidad-educativa\/\" target=\"_self\"  ><img loading=\"lazy\" decoding=\"async\" width=\"1080\" height=\"1080\" src=\"https:\/\/www.ssccalameda.cl\/portal\/wp-content\/uploads\/2025\/03\/newweb.png\" class=\"attachment-post-thumbnail size-post-thumbnail wp-post-image\" alt=\"Estrenamos Nuevo Rostro Digital: Una P\u00e1gina Web Renovada para la Comunidad Educativa\" style=\"object-fit:cover;\" srcset=\"https:\/\/www.ssccalameda.cl\/portal\/wp-content\/uploads\/2025\/03\/newweb.png 1080w, https:\/\/www.ssccalameda.cl\/portal\/wp-content\/uploads\/2025\/03\/newweb-300x300.png 300w, https:\/\/www.ssccalameda.cl\/portal\/wp-content\/uploads\/2025\/03\/newweb-1024x1024.png 1024w, https:\/\/www.ssccalameda.cl\/portal\/wp-content\/uploads\/2025\/03\/newweb-150x150.png 150w, https:\/\/www.ssccalameda.cl\/portal\/wp-content\/uploads\/2025\/03\/newweb-768x768.png 768w\" sizes=\"(max-width: 1080px) 100vw, 1080px\" \/><\/a><\/figure>\n\n<div class=\"wp-block-post-excerpt\"><p class=\"wp-block-post-excerpt__excerpt\">Nuestro Colegio de los Sagrados Corazones de Alameda realizar\u00e1 el lanzamiento de su nueva p\u00e1gina web, www.ssccalameda.cl, este lunes 10 de marzo. Con un nuevo dise\u00f1o, el sitio busca ofrecer una experiencia m\u00e1s amigable y accesible para toda la comunidad educativa. La renovaci\u00f3n del sitio web responde al compromiso del colegio de mantenerse a la&hellip; <\/p><\/div>\n\n\n<hr class=\"wp-block-separator has-css-opacity\"\/>\n\n\n<div class=\"wp-block-post-date\"><time datetime=\"2025-03-10T10:09:51-03:00\">10 marzo, 2025<\/time><\/div>\n<\/li><li class=\"wp-block-post post-17267 post type-post status-publish format-standard  category-circulares\">\n<h2 class=\"wp-block-post-title\"><a href=\"https:\/\/www.ssccalameda.cl\/portal\/comunicamos-sensible-fallecimiento-2\/\" target=\"_self\" >Comunicamos sensible fallecimiento<\/a><\/h2>\n\n\n\n<div class=\"wp-block-post-excerpt\"><p class=\"wp-block-post-excerpt__excerpt\">Con profunda tristeza, comunicamos el sensible fallecimiento de nuestra ex alumna de la generaci\u00f3n 2013, Macarena Torres Paredes. Macarena dej\u00f3 una huella en nuestro Colegio: Su esp\u00edritu cr\u00edtico, su sensibilidad y su pasi\u00f3n por el arte, especialmente a trav\u00e9s del coro y los musicales, enriquecieron nuestra comunidad y nos inspiraron a todos.Como comunidad cat\u00f3lica, elevamos&hellip; <\/p><\/div>\n\n\n<hr class=\"wp-block-separator has-css-opacity\"\/>\n\n\n<div class=\"wp-block-post-date\"><time datetime=\"2025-03-07T18:21:10-03:00\">7 marzo, 2025<\/time><\/div>\n<\/li><li class=\"wp-block-post post-17256 post type-post status-publish format-standard has-post-thumbnail  category-circulares\">\n<h2 class=\"wp-block-post-title\"><a href=\"https:\/\/www.ssccalameda.cl\/portal\/el-cuerpo-de-brigadieres-2025-da-una-calida-bienvenida-a-la-comunidad-escolar\/\" target=\"_self\" >\u00a1El Cuerpo de Brigadieres 2025 da una c\u00e1lida bienvenida a la comunidad escolar!<\/a><\/h2>\n\n<figure class=\"alignwide wp-block-post-featured-image\"><a href=\"https:\/\/www.ssccalameda.cl\/portal\/el-cuerpo-de-brigadieres-2025-da-una-calida-bienvenida-a-la-comunidad-escolar\/\" target=\"_self\"  ><img loading=\"lazy\" decoding=\"async\" width=\"1080\" height=\"1080\" src=\"https:\/\/www.ssccalameda.cl\/portal\/wp-content\/uploads\/2025\/03\/29.png\" class=\"attachment-post-thumbnail size-post-thumbnail wp-post-image\" alt=\"\u00a1El Cuerpo de Brigadieres 2025 da una c\u00e1lida bienvenida a la comunidad escolar!\" style=\"object-fit:cover;\" srcset=\"https:\/\/www.ssccalameda.cl\/portal\/wp-content\/uploads\/2025\/03\/29.png 1080w, https:\/\/www.ssccalameda.cl\/portal\/wp-content\/uploads\/2025\/03\/29-300x300.png 300w, https:\/\/www.ssccalameda.cl\/portal\/wp-content\/uploads\/2025\/03\/29-1024x1024.png 1024w, https:\/\/www.ssccalameda.cl\/portal\/wp-content\/uploads\/2025\/03\/29-150x150.png 150w, https:\/\/www.ssccalameda.cl\/portal\/wp-content\/uploads\/2025\/03\/29-768x768.png 768w\" sizes=\"(max-width: 1080px) 100vw, 1080px\" \/><\/a><\/figure>\n\n<div class=\"wp-block-post-excerpt\"><p class=\"wp-block-post-excerpt__excerpt\">El lunes 3 de marzo, el Cuerpo de Brigadieres 2025, integrado por entusiastas estudiantes de cuarto medio, organiz\u00f3 una alegre y emotiva bienvenida para todos los integrantes de nuestra comunidad escolar. Desde tempranas horas de la ma\u00f1ana, a las 7:30 a.m., los brigadieres, con creativos y divertidos disfraces, recibieron con entusiasmo a los(as) estudiantes, profesores,&hellip; <\/p><\/div>\n\n\n<hr class=\"wp-block-separator has-css-opacity\"\/>\n\n\n<div class=\"wp-block-post-date\"><time datetime=\"2025-03-06T14:19:31-03:00\">6 marzo, 2025<\/time><\/div>\n<\/li><\/ul><\/div>\n","protected":false},"excerpt":{"rendered":"<p>El lunes 3 de marzo, el Cuerpo de Brigadieres 2025, integrado por entusiastas estudiantes de cuarto medio, organiz\u00f3 una alegre y emotiva bienvenida para todos los integrantes de nuestra comunidad escolar. Desde tempranas horas de la ma\u00f1ana, a las 7:30 a.m., los brigadieres, con creativos y divertidos disfraces, recibieron con entusiasmo a los(as) estudiantes, profesores, &hellip;<\/p>\n","protected":false},"author":1,"featured_media":0,"parent":0,"menu_order":0,"comment_status":"closed","ping_status":"closed","template":"template-media.php","meta":{"footnotes":""},"_links":{"self":[{"href":"https:\/\/www.ssccalameda.cl\/portal\/wp-json\/wp\/v2\/pages\/16024"}],"collection":[{"href":"https:\/\/www.ssccalameda.cl\/portal\/wp-json\/wp\/v2\/pages"}],"about":[{"href":"https:\/\/www.ssccalameda.cl\/portal\/wp-json\/wp\/v2\/types\/page"}],"author":[{"embeddable":true,"href":"https:\/\/www.ssccalameda.cl\/portal\/wp-json\/wp\/v2\/users\/1"}],"replies":[{"embeddable":true,"href":"https:\/\/www.ssccalameda.cl\/portal\/wp-json\/wp\/v2\/comments?post=16024"}],"version-history":[{"count":17,"href":"https:\/\/www.ssccalameda.cl\/portal\/wp-json\/wp\/v2\/pages\/16024\/revisions"}],"predecessor-version":[{"id":16089,"href":"https:\/\/www.ssccalameda.cl\/portal\/wp-json\/wp\/v2\/pages\/16024\/revisions\/16089"}],"wp:attachment":[{"href":"https:\/\/www.ssccalameda.cl\/portal\/wp-json\/wp\/v2\/media?parent=16024"}],"curies":[{"name":"wp","href":"https:\/\/api.w.org\/{rel}","templated":true}]}}

<figure class="wp-block-image size-large"><a href="https://www.ssccalameda.cl/portal/wp-content/uploads/2024/08/slide_2.png"><img loading="lazy" decoding="async" width="1024" height="500" src="https://www.ssccalameda.cl/portal/wp-content/uploads/2024/08/slide_2-1024x500.png" alt="" class="wp-image-16047" srcset="https://www.ssccalameda.cl/portal/wp-content/uploads/2024/08/slide_2-1024x500.png 1024w, https://www.ssccalameda.cl/portal/wp-content/uploads/2024/08/slide_2-300x146.png 300w, https://www.ssccalameda.cl/portal/wp-content/uploads/2024/08/slide_2-768x375.png 768w, https://www.ssccalameda.cl/portal/wp-content/uploads/2024/08/slide_2-1536x750.png 1536w, https://www.ssccalameda.cl/portal/wp-content/uploads/2024/08/slide_2.png 2048w" sizes="(max-width: 1024px) 100vw, 1024px" /></a></figure>



<div style="height:16px" aria-hidden="true" class="wp-block-spacer"></div>



<h2 class="wp-block-heading"><strong>NOTICIAS</strong></h2>



<div style="height:10px" aria-hidden="true" class="wp-block-spacer"></div>



<div class="wp-block-query is-layout-flow wp-block-query-is-layout-flow"><ul class="wp-block-post-template is-layout-flow wp-block-post-template-is-layout-flow"><li class="wp-block-post post-8866 post type-post status-publish format-standard has-post-thumbnail  category-circulares">
<h2 class="wp-block-post-title"><a href="https://www.ssccalameda.cl/portal/8866-2/" target="_self" >2do Proceso de postulación, admisión y matrícula 2023</a></h2>

<figure class="alignwide wp-block-post-featured-image"><a href="https://www.ssccalameda.cl/portal/8866-2/" target="_self"  ><img loading="lazy" decoding="async" width="761" height="1149" src="https://www.ssccalameda.cl/portal/wp-content/uploads/2022/05/flyer-sscc_page-0001.jpg" class="attachment-post-thumbnail size-post-thumbnail wp-post-image" alt="2do Proceso de postulación, admisión y matrícula 2023" style="object-fit:cover;" srcset="https://www.ssccalameda.cl/portal/wp-content/uploads/2022/05/flyer-sscc_page-0001.jpg 761w, https://www.ssccalameda.cl/portal/wp-content/uploads/2022/05/flyer-sscc_page-0001-199x300.jpg 199w, https://www.ssccalameda.cl/portal/wp-content/uploads/2022/05/flyer-sscc_page-0001-678x1024.jpg 678w" sizes="(max-width: 761px) 100vw, 761px" /></a></figure>

<div class="wp-block-post-excerpt"><p class="wp-block-post-excerpt__excerpt">Para Prekínder, Kínder y 1ero Básico. Etapas del proceso y fechas importantes Periodo de inscripción16 al 27 mayo.Vía&nbsp;Schoolnet.Periodo de entrevistas y jornadade observación de postulantes en sala (esta última es sólo para Prekínder y Kínder)28 de mayo,9:00 a 12:00 hrs.Publicación de nóminade postulantes admitidos/as13 de junio,17:00 hrs.Proceso de matrícula16, 17, 22 y 23 de junio,8:30&hellip; </p></div>


<hr class="wp-block-separator has-css-opacity"/>


<div class="wp-block-post-date"><time datetime="2022-05-26T05:14:00-04:00">26 mayo, 2022</time></div>
</li><li class="wp-block-post post-4482 post type-post status-publish format-standard has-post-thumbnail  category-circulares">
<h2 class="wp-block-post-title"><a href="https://www.ssccalameda.cl/portal/plan-de-trabajo-pedagogico/" target="_self" >Plan de Trabajo Pedagógico</a></h2>

<figure class="alignwide wp-block-post-featured-image"><a href="https://www.ssccalameda.cl/portal/plan-de-trabajo-pedagogico/" target="_self"  ><img loading="lazy" decoding="async" width="379" height="278" src="https://www.ssccalameda.cl/portal/wp-content/uploads/2021/01/Sin-titulo-3.jpg" class="attachment-post-thumbnail size-post-thumbnail wp-post-image" alt="Plan de Trabajo Pedagógico" style="object-fit:cover;" srcset="https://www.ssccalameda.cl/portal/wp-content/uploads/2021/01/Sin-titulo-3.jpg 379w, https://www.ssccalameda.cl/portal/wp-content/uploads/2021/01/Sin-titulo-3-300x220.jpg 300w" sizes="(max-width: 379px) 100vw, 379px" /></a></figure>

<div class="wp-block-post-excerpt"><p class="wp-block-post-excerpt__excerpt">Estimada comunidad, a continuación encontrarán un documento que contiene la información del Plan de Trabajo Pedagógico de este año. En la sección Avisos encontrarán los horarios virtuales y mixtos para cada curso. Ver archivo del Plan de Trabajo Pedagógico 2021 </p></div>


<hr class="wp-block-separator has-css-opacity"/>


<div class="wp-block-post-date"><time datetime="2021-02-21T10:54:00-03:00">21 febrero, 2021</time></div>
</li><li class="wp-block-post post-17270 post type-post status-publish format-standard has-post-thumbnail  category-circulares">
<h2 class="wp-block-post-title"><a href="https://www.ssccalameda.cl/portal/estrenamos-nuevo-rostro-digital-una-pagina-web-renovada-para-la-comunidad-educativa/" target="_self" >Estrenamos Nuevo Rostro Digital: Una Página Web Renovada para la Comunidad Educativa</a></h2>

<figure class="alignwide wp-block-post-featured-image"><a href="https://www.ssccalameda.cl/portal/estrenamos-nuevo-rostro-digital-una-pagina-web-renovada-para-la-comunidad-educativa/" target="_self"  ><img loading="lazy" decoding="async" width="1080" height="1080" src="https://www.ssccalameda.cl/portal/wp-content/uploads/2025/03/newweb.png" class="attachment-post-thumbnail size-post-thumbnail wp-post-image" alt="Estrenamos Nuevo Rostro Digital: Una Página Web Renovada para la Comunidad Educativa" style="object-fit:cover;" srcset="https://www.ssccalameda.cl/portal/wp-content/uploads/2025/03/newweb.png 1080w, https://www.ssccalameda.cl/portal/wp-content/uploads/2025/03/newweb-300x300.png 300w, https://www.ssccalameda.cl/portal/wp-content/uploads/2025/03/newweb-1024x1024.png 1024w, https://www.ssccalameda.cl/portal/wp-content/uploads/2025/03/newweb-150x150.png 150w, https://www.ssccalameda.cl/portal/wp-content/uploads/2025/03/newweb-768x768.png 768w" sizes="(max-width: 1080px) 100vw, 1080px" /></a></figure>

<div class="wp-block-post-excerpt"><p class="wp-block-post-excerpt__excerpt">Nuestro Colegio de los Sagrados Corazones de Alameda realizará el lanzamiento de su nueva página web, www.ssccalameda.cl, este lunes 10 de marzo. Con un nuevo diseño, el sitio busca ofrecer una experiencia más amigable y accesible para toda la comunidad educativa. La renovación del sitio web responde al compromiso del colegio de mantenerse a la&hellip; </p></div>


<hr class="wp-block-separator has-css-opacity"/>


<div class="wp-block-post-date"><time datetime="2025-03-10T10:09:51-03:00">10 marzo, 2025</time></div>
</li><li class="wp-block-post post-17267 post type-post status-publish format-standard  category-circulares">
<h2 class="wp-block-post-title"><a href="https://www.ssccalameda.cl/portal/comunicamos-sensible-fallecimiento-2/" target="_self" >Comunicamos sensible fallecimiento</a></h2>



<div class="wp-block-post-excerpt"><p class="wp-block-post-excerpt__excerpt">Con profunda tristeza, comunicamos el sensible fallecimiento de nuestra ex alumna de la generación 2013, Macarena Torres Paredes. Macarena dejó una huella en nuestro Colegio: Su espíritu crítico, su sensibilidad y su pasión por el arte, especialmente a través del coro y los musicales, enriquecieron nuestra comunidad y nos inspiraron a todos.Como comunidad católica, elevamos&hellip; </p></div>


<hr class="wp-block-separator has-css-opacity"/>


<div class="wp-block-post-date"><time datetime="2025-03-07T18:21:10-03:00">7 marzo, 2025</time></div>
</li><li class="wp-block-post post-17256 post type-post status-publish format-standard has-post-thumbnail  category-circulares">
<h2 class="wp-block-post-title"><a href="https://www.ssccalameda.cl/portal/el-cuerpo-de-brigadieres-2025-da-una-calida-bienvenida-a-la-comunidad-escolar/" target="_self" >¡El Cuerpo de Brigadieres 2025 da una cálida bienvenida a la comunidad escolar!</a></h2>

<figure class="alignwide wp-block-post-featured-image"><a href="https://www.ssccalameda.cl/portal/el-cuerpo-de-brigadieres-2025-da-una-calida-bienvenida-a-la-comunidad-escolar/" target="_self"  ><img loading="lazy" decoding="async" width="1080" height="1080" src="https://www.ssccalameda.cl/portal/wp-content/uploads/2025/03/29.png" class="attachment-post-thumbnail size-post-thumbnail wp-post-image" alt="¡El Cuerpo de Brigadieres 2025 da una cálida bienvenida a la comunidad escolar!" style="object-fit:cover;" srcset="https://www.ssccalameda.cl/portal/wp-content/uploads/2025/03/29.png 1080w, https://www.ssccalameda.cl/portal/wp-content/uploads/2025/03/29-300x300.png 300w, https://www.ssccalameda.cl/portal/wp-content/uploads/2025/03/29-1024x1024.png 1024w, https://www.ssccalameda.cl/portal/wp-content/uploads/2025/03/29-150x150.png 150w, https://www.ssccalameda.cl/portal/wp-content/uploads/2025/03/29-768x768.png 768w" sizes="(max-width: 1080px) 100vw, 1080px" /></a></figure>

<div class="wp-block-post-excerpt"><p class="wp-block-post-excerpt__excerpt">El lunes 3 de marzo, el Cuerpo de Brigadieres 2025, integrado por entusiastas estudiantes de cuarto medio, organizó una alegre y emotiva bienvenida para todos los integrantes de nuestra comunidad escolar. Desde tempranas horas de la mañana, a las 7:30 a.m., los brigadieres, con creativos y divertidos disfraces, recibieron con entusiasmo a los(as) estudiantes, profesores,&hellip; </p></div>


<hr class="wp-block-separator has-css-opacity"/>


<div class="wp-block-post-date"><time datetime="2025-03-06T14:19:31-03:00">6 marzo, 2025</time></div>
</li></ul></div>

<p>El lunes 3 de marzo, el Cuerpo de Brigadieres 2025, integrado por entusiastas estudiantes de cuarto medio, organizó una alegre y emotiva bienvenida para todos los integrantes de nuestra comunidad escolar. Desde tempranas horas de la mañana, a las 7:30 a.m., los brigadieres, con creativos y divertidos disfraces, recibieron con entusiasmo a los(as) estudiantes, profesores, &hellip;</p>
