{"id":4243,"date":"2020-11-20T18:10:16","date_gmt":"2020-11-20T21:10:16","guid":{"rendered":"http:\/\/www.ssccalameda.cl\/portal\/?page_id=4243"},"modified":"2022-10-04T10:22:44","modified_gmt":"2022-10-04T13:22:44","slug":"protocolos","status":"publish","type":"page","link":"https:\/\/www.ssccalameda.cl\/portal\/protocolos\/","title":{"rendered":"Campa\u00f1a de seguridad \u00bfTienes un minutito?"},"content":{"rendered":"\n<p>Potencia comportamientos seguros entre los que te rodean y si detectas alguna situaci\u00f3n riesgosa, escr\u00edbenos a cphs@ssccalameda.cl.<\/p>\n\n\n\n<p>Te invitamos tambi\u00e9n a conocer el <a href=\"http:\/\/www.ssccalameda.cl\/portal\/wp-content\/uploads\/2022\/10\/Procedimientos-ante-accidentes-4-1.pdf\" data-type=\"URL\" data-id=\"http:\/\/www.ssccalameda.cl\/portal\/wp-content\/uploads\/2022\/10\/Procedimientos-ante-accidentes-4-1.pdf\" target=\"_blank\" rel=\"noreferrer noopener\">procedimiento del colegio ante accidentes laborales.<\/a><\/p>\n\n\n\n<p class=\"has-text-align-center\"><strong>\u00a1Evitar accidentes es tarea de todos y todas!<\/strong><\/p>\n\n\n\n<figure class=\"wp-block-gallery columns-3 is-cropped wp-block-gallery-1 is-layout-flex wp-block-gallery-is-layout-flex\"><ul class=\"blocks-gallery-grid\"><li class=\"blocks-gallery-item\"><figure><img loading=\"lazy\" decoding=\"async\" width=\"733\" height=\"1024\" src=\"http:\/\/www.ssccalameda.cl\/portal\/wp-content\/uploads\/2021\/10\/SEGURIDAD-ACHS-4_pages-to-jpg-0001-733x1024.jpg\" alt=\"\" data-id=\"6467\" data-full-url=\"http:\/\/www.ssccalameda.cl\/portal\/wp-content\/uploads\/2021\/10\/SEGURIDAD-ACHS-4_pages-to-jpg-0001-scaled.jpg\" data-link=\"http:\/\/www.ssccalameda.cl\/portal\/protocolos\/seguridad-achs-4_pages-to-jpg-0001\/\" class=\"wp-image-6467\" srcset=\"https:\/\/www.ssccalameda.cl\/portal\/wp-content\/uploads\/2021\/10\/SEGURIDAD-ACHS-4_pages-to-jpg-0001-733x1024.jpg 733w, https:\/\/www.ssccalameda.cl\/portal\/wp-content\/uploads\/2021\/10\/SEGURIDAD-ACHS-4_pages-to-jpg-0001-215x300.jpg 215w, https:\/\/www.ssccalameda.cl\/portal\/wp-content\/uploads\/2021\/10\/SEGURIDAD-ACHS-4_pages-to-jpg-0001-768x1073.jpg 768w, https:\/\/www.ssccalameda.cl\/portal\/wp-content\/uploads\/2021\/10\/SEGURIDAD-ACHS-4_pages-to-jpg-0001-1099x1536.jpg 1099w, https:\/\/www.ssccalameda.cl\/portal\/wp-content\/uploads\/2021\/10\/SEGURIDAD-ACHS-4_pages-to-jpg-0001-1465x2048.jpg 1465w, https:\/\/www.ssccalameda.cl\/portal\/wp-content\/uploads\/2021\/10\/SEGURIDAD-ACHS-4_pages-to-jpg-0001-scaled.jpg 1832w\" sizes=\"(max-width: 733px) 100vw, 733px\" \/><\/figure><\/li><li class=\"blocks-gallery-item\"><figure><img loading=\"lazy\" decoding=\"async\" width=\"733\" height=\"1024\" src=\"http:\/\/www.ssccalameda.cl\/portal\/wp-content\/uploads\/2021\/10\/SEGURIDAD-ACHS1_page-0002-733x1024.jpg\" alt=\"\" data-id=\"6468\" data-full-url=\"http:\/\/www.ssccalameda.cl\/portal\/wp-content\/uploads\/2021\/10\/SEGURIDAD-ACHS1_page-0002-scaled.jpg\" data-link=\"http:\/\/www.ssccalameda.cl\/portal\/protocolos\/seguridad-achs1_page-0002\/\" class=\"wp-image-6468\" srcset=\"https:\/\/www.ssccalameda.cl\/portal\/wp-content\/uploads\/2021\/10\/SEGURIDAD-ACHS1_page-0002-733x1024.jpg 733w, https:\/\/www.ssccalameda.cl\/portal\/wp-content\/uploads\/2021\/10\/SEGURIDAD-ACHS1_page-0002-215x300.jpg 215w, https:\/\/www.ssccalameda.cl\/portal\/wp-content\/uploads\/2021\/10\/SEGURIDAD-ACHS1_page-0002-768x1073.jpg 768w, https:\/\/www.ssccalameda.cl\/portal\/wp-content\/uploads\/2021\/10\/SEGURIDAD-ACHS1_page-0002-1099x1536.jpg 1099w, https:\/\/www.ssccalameda.cl\/portal\/wp-content\/uploads\/2021\/10\/SEGURIDAD-ACHS1_page-0002-1465x2048.jpg 1465w, https:\/\/www.ssccalameda.cl\/portal\/wp-content\/uploads\/2021\/10\/SEGURIDAD-ACHS1_page-0002-scaled.jpg 1832w\" sizes=\"(max-width: 733px) 100vw, 733px\" \/><\/figure><\/li><li class=\"blocks-gallery-item\"><figure><img loading=\"lazy\" decoding=\"async\" width=\"733\" height=\"1024\" src=\"http:\/\/www.ssccalameda.cl\/portal\/wp-content\/uploads\/2021\/10\/SEGURIDAD-ACHS-3_page-0001-733x1024.jpg\" alt=\"\" data-id=\"6469\" data-full-url=\"http:\/\/www.ssccalameda.cl\/portal\/wp-content\/uploads\/2021\/10\/SEGURIDAD-ACHS-3_page-0001-scaled.jpg\" data-link=\"http:\/\/www.ssccalameda.cl\/portal\/protocolos\/seguridad-achs-3_page-0001\/\" class=\"wp-image-6469\" srcset=\"https:\/\/www.ssccalameda.cl\/portal\/wp-content\/uploads\/2021\/10\/SEGURIDAD-ACHS-3_page-0001-733x1024.jpg 733w, https:\/\/www.ssccalameda.cl\/portal\/wp-content\/uploads\/2021\/10\/SEGURIDAD-ACHS-3_page-0001-215x300.jpg 215w, https:\/\/www.ssccalameda.cl\/portal\/wp-content\/uploads\/2021\/10\/SEGURIDAD-ACHS-3_page-0001-768x1073.jpg 768w, https:\/\/www.ssccalameda.cl\/portal\/wp-content\/uploads\/2021\/10\/SEGURIDAD-ACHS-3_page-0001-1099x1536.jpg 1099w, https:\/\/www.ssccalameda.cl\/portal\/wp-content\/uploads\/2021\/10\/SEGURIDAD-ACHS-3_page-0001-1465x2048.jpg 1465w, https:\/\/www.ssccalameda.cl\/portal\/wp-content\/uploads\/2021\/10\/SEGURIDAD-ACHS-3_page-0001-scaled.jpg 1832w\" sizes=\"(max-width: 733px) 100vw, 733px\" \/><\/figure><\/li><li class=\"blocks-gallery-item\"><figure><img loading=\"lazy\" decoding=\"async\" width=\"733\" height=\"1024\" src=\"http:\/\/www.ssccalameda.cl\/portal\/wp-content\/uploads\/2021\/10\/comportamientos-733x1024.jpg\" alt=\"\" data-id=\"6658\" data-full-url=\"http:\/\/www.ssccalameda.cl\/portal\/wp-content\/uploads\/2021\/10\/comportamientos-scaled.jpg\" data-link=\"http:\/\/www.ssccalameda.cl\/portal\/protocolos\/comportamientos\/\" class=\"wp-image-6658\" srcset=\"https:\/\/www.ssccalameda.cl\/portal\/wp-content\/uploads\/2021\/10\/comportamientos-733x1024.jpg 733w, https:\/\/www.ssccalameda.cl\/portal\/wp-content\/uploads\/2021\/10\/comportamientos-215x300.jpg 215w, https:\/\/www.ssccalameda.cl\/portal\/wp-content\/uploads\/2021\/10\/comportamientos-768x1073.jpg 768w, https:\/\/www.ssccalameda.cl\/portal\/wp-content\/uploads\/2021\/10\/comportamientos-scaled.jpg 1831w\" sizes=\"(max-width: 733px) 100vw, 733px\" \/><\/figure><\/li><\/ul><\/figure>\n\n\n\n<div class=\"wp-block-file\"><a href=\"http:\/\/www.ssccalameda.cl\/portal\/wp-content\/uploads\/2021\/10\/Transitar-con-liquidos-calientes.pdf\">Transitar-con-l\u00edquidos-calientes<\/a><a href=\"http:\/\/www.ssccalameda.cl\/portal\/wp-content\/uploads\/2021\/10\/Transitar-con-liquidos-calientes.pdf\" class=\"wp-block-file__button\" download><span class=\"has-inline-color has-white-color\"><strong>Ver<\/strong><\/span><\/a><\/div>\n\n\n\n<div class=\"wp-block-file\"><a href=\"http:\/\/www.ssccalameda.cl\/portal\/wp-content\/uploads\/2021\/10\/Fijate-por-donde-caminas.pdf\">F\u00edjate-por-donde-caminas<\/a><a href=\"http:\/\/www.ssccalameda.cl\/portal\/wp-content\/uploads\/2021\/10\/Fijate-por-donde-caminas.pdf\" class=\"wp-block-file__button\" download><strong><span class=\"has-inline-color has-white-color\">Ver<\/span><\/strong><\/a><\/div>\n\n\n\n<div class=\"wp-block-file\"><a href=\"http:\/\/www.ssccalameda.cl\/portal\/wp-content\/uploads\/2021\/10\/Vista-en-el-camino.pdf\">Vista-en-el-camino<\/a><a href=\"http:\/\/www.ssccalameda.cl\/portal\/wp-content\/uploads\/2021\/10\/Vista-en-el-camino.pdf\" class=\"wp-block-file__button\" download><strong><span class=\"has-inline-color has-white-color\">Ver<\/span><\/strong><\/a><\/div>\n\n\n\n<div class=\"wp-block-file\"><a href=\"http:\/\/www.ssccalameda.cl\/portal\/wp-content\/uploads\/2021\/10\/SEGURIDAD-ACHS-5-1.pdf\">Comportamientos riesgosos<\/a><a href=\"http:\/\/www.ssccalameda.cl\/portal\/wp-content\/uploads\/2021\/10\/SEGURIDAD-ACHS-5-1.pdf\" class=\"wp-block-file__button\" download><strong><span class=\"has-inline-color has-white-color\">Ver<\/span><\/strong><\/a><\/div>\n\n\n\n<p><\/p>\n","protected":false},"excerpt":{"rendered":"<p>Potencia comportamientos seguros entre los que te rodean y si detectas alguna situaci\u00f3n riesgosa, escr\u00edbenos a cphs@ssccalameda.cl. Te invitamos tambi\u00e9n a conocer el procedimiento del colegio ante accidentes laborales. \u00a1Evitar accidentes es tarea de todos y todas! Transitar-con-l\u00edquidos-calientesVer F\u00edjate-por-donde-caminasVer Vista-en-el-caminoVer Comportamientos riesgososVer<\/p>\n","protected":false},"author":1,"featured_media":0,"parent":0,"menu_order":0,"comment_status":"closed","ping_status":"closed","template":"","meta":{"footnotes":""},"_links":{"self":[{"href":"https:\/\/www.ssccalameda.cl\/portal\/wp-json\/wp\/v2\/pages\/4243"}],"collection":[{"href":"https:\/\/www.ssccalameda.cl\/portal\/wp-json\/wp\/v2\/pages"}],"about":[{"href":"https:\/\/www.ssccalameda.cl\/portal\/wp-json\/wp\/v2\/types\/page"}],"author":[{"embeddable":true,"href":"https:\/\/www.ssccalameda.cl\/portal\/wp-json\/wp\/v2\/users\/1"}],"replies":[{"embeddable":true,"href":"https:\/\/www.ssccalameda.cl\/portal\/wp-json\/wp\/v2\/comments?post=4243"}],"version-history":[{"count":1,"href":"https:\/\/www.ssccalameda.cl\/portal\/wp-json\/wp\/v2\/pages\/4243\/revisions"}],"predecessor-version":[{"id":10394,"href":"https:\/\/www.ssccalameda.cl\/portal\/wp-json\/wp\/v2\/pages\/4243\/revisions\/10394"}],"wp:attachment":[{"href":"https:\/\/www.ssccalameda.cl\/portal\/wp-json\/wp\/v2\/media?parent=4243"}],"curies":[{"name":"wp","href":"https:\/\/api.w.org\/{rel}","templated":true}]}}