{"id":852,"date":"2018-06-05T13:53:18","date_gmt":"2018-06-05T17:53:18","guid":{"rendered":"https:\/\/printed.cl\/sscc\/?page_id=852"},"modified":"2022-11-29T15:44:45","modified_gmt":"2022-11-29T18:44:45","slug":"fundacion","status":"publish","type":"page","link":"https:\/\/www.ssccalameda.cl\/portal\/fundacion\/","title":{"rendered":"FUNDACI\u00d3N"},"content":{"rendered":"<p><strong>Integrantes de la Fundaci\u00f3n Educacional Colegio SSCC Arzobispado de Santiago<\/strong><\/p>\n<h6><\/h6>\n<table style=\"height: 151px;\" border=\"0\" cellspacing=\"0\" cellpadding=\"0\">\n<tbody>\n<tr style=\"height: 22px;\">\n<td style=\"height: 22px;\" valign=\"top\" width=\"589\"><strong>Sandra Urrutia Bravo: <\/strong>Presidenta<\/td>\n<\/tr>\n<tr style=\"height: 22px;\">\n<td style=\"height: 22px;\" valign=\"top\" width=\"589\">Gerardo Boetsch Hevia<\/td>\n<\/tr>\n<tr style=\"height: 22px;\">\n<td style=\"height: 22px;\" valign=\"top\" width=\"589\">Julio Bascu\u00f1\u00e1n Bascu\u00f1\u00e1n<\/td>\n<\/tr>\n<tr style=\"height: 22px;\">\n<td style=\"height: 22px;\" valign=\"top\" width=\"589\">Jos\u00e9 Miguel Delp\u00edn Piffaut<\/td>\n<\/tr>\n<tr style=\"height: 19px;\">\n<td style=\"height: 19px;\" valign=\"top\" width=\"589\">Pbro. Ricardo Acosta Serrano<\/td>\n<\/tr>\n<\/tbody>\n<\/table>\n<p><\/p>\n","protected":false},"excerpt":{"rendered":"<p>Integrantes de la Fundaci\u00f3n Educacional Colegio SSCC Arzobispado de Santiago Sandra Urrutia Bravo: Presidenta Gerardo Boetsch Hevia Julio Bascu\u00f1\u00e1n Bascu\u00f1\u00e1n Jos\u00e9 Miguel Delp\u00edn Piffaut Pbro. Ricardo Acosta Serrano<\/p>\n","protected":false},"author":1,"featured_media":0,"parent":0,"menu_order":0,"comment_status":"closed","ping_status":"closed","template":"","meta":{"footnotes":""},"_links":{"self":[{"href":"https:\/\/www.ssccalameda.cl\/portal\/wp-json\/wp\/v2\/pages\/852"}],"collection":[{"href":"https:\/\/www.ssccalameda.cl\/portal\/wp-json\/wp\/v2\/pages"}],"about":[{"href":"https:\/\/www.ssccalameda.cl\/portal\/wp-json\/wp\/v2\/types\/page"}],"author":[{"embeddable":true,"href":"https:\/\/www.ssccalameda.cl\/portal\/wp-json\/wp\/v2\/users\/1"}],"replies":[{"embeddable":true,"href":"https:\/\/www.ssccalameda.cl\/portal\/wp-json\/wp\/v2\/comments?post=852"}],"version-history":[{"count":1,"href":"https:\/\/www.ssccalameda.cl\/portal\/wp-json\/wp\/v2\/pages\/852\/revisions"}],"predecessor-version":[{"id":11281,"href":"https:\/\/www.ssccalameda.cl\/portal\/wp-json\/wp\/v2\/pages\/852\/revisions\/11281"}],"wp:attachment":[{"href":"https:\/\/www.ssccalameda.cl\/portal\/wp-json\/wp\/v2\/media?parent=852"}],"curies":[{"name":"wp","href":"https:\/\/api.w.org\/{rel}","templated":true}]}}